?
5, 563
List the prime factors of 329.
7, 47
What are the prime factors of 5005?
5, 7, 11, 13
List the prime factors of 2508.
2, 3, 11, 19
List the prime factors of 11539.
11, 1049
List the prime factors of 893.
19, 47
List the prime factors of 9982.
2, 7, 23, 31
List the prime factors of 16832.
2, 263
What are the prime factors of 3874?
2, 13, 149
List the prime factors of 1297.
1297
What are the prime factors of 22286?
2, 11, 1013
What are the prime factors of 7436?
2, 11, 13
List the prime factors of 3090.
2, 3, 5, 103
List the prime factors of 64563.
3, 21521
List the prime factors of 3328.
2, 13
What are the prime factors of 3741?
3, 29, 43
List the prime factors of 28870.
2, 5, 2887
What are the prime factors of 8162?
2, 7, 11, 53
What are the prime factors of 1792?
2, 7
What are the prime factors of 1548?
2, 3, 43
List the prime factors of 2432.
2, 19
What are the prime factors of 35523?
3, 3947
List the prime factors of 1135.
5, 227
List the prime factors of 7323.
3, 2441
List the prime factors of 339.
3, 113
List the prime factors of 3436.
2, 859
What are the prime factors of 1367?
1367
What are the prime factors of 9763?
13, 751
What are the prime factors of 310?
2, 5, 31
What are the prime factors of 7390?
2, 5, 739
What are the prime factors of 797?
797
What are the prime factors of 17375?
5, 139
List the prime factors of 6956.
2, 37, 47
What are the prime factors of 284?
2, 71
What are the prime factors of 2295?
3, 5, 17
What are the prime factors of 67439?
17, 3967
List the prime factors of 637.
7, 13
What are the prime factors of 6757?
29, 233
List the prime factors of 4774.
2, 7, 11, 31
List the prime factors of 2585.
5, 11, 47
What are the prime factors of 18622?
2, 9311
What are the prime factors of 50395?
5, 10079
List the prime factors of 28.
2, 7
List the prime factors of 56075.
5, 2243
List the prime factors of 5930.
2, 5, 593
List the prime factors of 2247.
3, 7, 107
List the prime factors of 2724.
2, 3, 227
What are the prime factors of 175?
5, 7
List the prime factors of 170.
2, 5, 17
What are the prime factors of 37446?
2, 3, 79
List the prime factors of 188.
2, 47
List the prime factors of 88237.
88237
What are the prime factors of 20667?
3, 83
List the prime factors of 74443.
17, 29, 151
List the prime factors of 54952.
2, 6869
List the prime factors of 168843.
3, 23, 2447
What are the prime factors of 1944?
2, 3
List the prime factors of 26075.
5, 7, 149
What are the prime factors of 13112?
2, 11, 149
List the prime factors of 4111.
4111
List the prime factors of 23869.
23869
List the prime factors of 392.
2, 7
List the prime factors of 18252.
2, 3, 13
What are the prime factors of 8715?
3, 5, 7, 83
List the prime factors of 2544.
2, 3, 53
List the prime factors of 7379.
47, 157
What are the prime factors of 1642?
2, 821
What are the prime factors of 5357?
11, 487
List the prime factors of 112261.
112261
List the prime factors of 2787.
3, 929
What are the prime factors of 1933?
1933
What are the prime factors of 6040?
2, 5, 151
List the prime factors of 91851.
3, 17, 1801
List the prime factors of 2066.
2, 1033
What are the prime factors of 7890?
2, 3, 5, 263
What are the prime factors of 33676?
2, 8419
What are the prime factors of 459?
3, 17
List the prime factors of 5799.
3, 1933
List the prime factors of 1048.
2, 131
List the prime factors of 2082.
2, 3, 347
List the prime factors of 8570.
2, 5, 857
What are the prime factors of 172171?
172171
List the prime factors of 15373.
15373
What are the prime factors of 4393?
23, 191
List the prime factors of 26308.
2, 6577
List the prime factors of 868.
2, 7, 31
List the prime factors of 106817.
223, 479
List the prime factors of 11406.
2, 3, 1901
What are the prime factors of 1930?
2, 5, 193
What are the prime factors of 78815?
5, 11, 1433
List the prime factors of 34037.
101, 337
List the prime factors of 960.
2, 3, 5
What are the prime factors of 5822?
2, 41, 71
What are the prime factors of 8913?
3, 2971
List the prime factors of 4302.
2, 3, 239
List the prime factors of 1049.
1049
List the prime factors of 6765.
3, 5, 11, 41
What are the prime factors of 671?
11, 61
What are the prime factors of 6772?
2, 1693
What are the prime factors of 109312?
2, 7, 61
List the prime factors of 16915.
5, 17, 199
List the prime factors of 36280.
2, 5, 907
What are the prime factors of 1327?
1327
What are the prime factors of 4582?
2, 29, 79
List the prime factors of 1644.
2, 3, 137
List the prime factors of 642.
2, 3, 107
What are the prime factors of 1073?
29, 37
List the prime factors of 298.
2, 149
What are the prime factors of 125282?
2, 37, 1693
What are the prime factors of 187?
11, 17
What are the prime factors of 122441?
11, 11131
What are the prime factors of 3250?
2, 5, 13
List the prime factors of 11337.
3, 3779
List the prime factors of 118766.
2, 43, 1381
What are the prime factors of 31053?
3, 11, 941
What are the prime factors of 1746?
2, 3, 97
List the prime factors of 33680.
2, 5, 421
List the prime factors of 9019.
29, 311
List the prime factors of 4758.
2, 3, 13, 61
List the prime factors of 156837.
3, 23, 2273
List the prime factors of 47806.
2, 11, 41, 53
What are the prime factors of 370?
2, 5, 37
List the prime factors of 60994.
2, 30497
List the prime factors of 1106.
2, 7, 79
List the prime factors of 4255.
5, 23, 37
List the prime factors of 113246.
2, 7, 8089
List the prime factors of 815.
5, 163
What are the prime factors of 1523?
1523
What are the prime factors of 740?
2, 5, 37
List the prime factors of 2404.
2, 601
What are the prime factors of 11555?
5, 2311
What are the prime factors of 3120?
2, 3, 5, 13
What are the prime factors of 4842?
2, 3, 269
List the prime factors of 8840.
2, 5, 13, 17
What are the prime factors of 26877?
3, 17, 31
What are the prime factors of 6882?
2, 3, 31, 37
What are the prime factors of 3446?
2, 1723
List the prime factors of 62411.
139, 449
What are the prime factors of 125127?
3, 13903
What are the prime factors of 658?
2, 7, 47
What are the prime factors of 16760?
2, 5, 419
What are the prime factors of 1387?
19, 73
What are the prime factors of 1204?
2, 7, 43
List the prime factors of 336.
2, 3, 7
What are the prime factors of 11764?
2, 17, 173
What are the prime factors of 36417?
3, 61, 199
What are the prime factors of 466?
2, 233
What are the prime factors of 4163?
23, 181
List the prime factors of 1152.
2, 3
List the prime factors of 1033.
1033
What are the prime factors of 1809?
3, 67
List the prime factors of 14819.
7, 29, 73
What are the prime factors of 54964?
2, 7, 13, 151
What are the prime factors of 2396?
2, 599
List the prime factors of 2303.
7, 47
What are the prime factors of 26664?
2, 3, 11, 101
What are the prime factors of 19893?
3, 19, 349
List the prime factors of 58389.
3, 19463
What are the prime factors of 3386?
2, 1693
What are the prime factors of 23707?
151, 157
What are the prime factors of 3908?
2, 977
List the prime factors of 210.
2, 3, 5, 7
What are the prime factors of 610?
2, 5, 61
List the prime factors of 160.
2, 5
List the prime factors of 4909.
4909
What are the prime factors of 699?
3, 233
List the prime factors of 4832.
2, 151
List the prime factors of 1974.
2, 3, 7, 47
List the prime factors of 85399.
23, 47, 79
What are the prime factors of 56935?
5, 59, 193
What are the prime factors of 854?
2, 7, 61
What are the prime factors of 28095?
3, 5, 1873
List the prime factors of 81751.
29, 2819
What are the prime factors of 3474?
2, 3, 193
List the prime factors of 10905.
3, 5, 727
What are the prime factors of 39444?
2, 3, 19, 173
What are the prime factors of 735?
3, 5, 7
What are the prime factors of 2286?
2, 3, 127
What are the prime factors of 791?
7, 113
What are the prime factors of 36161?
36161
What are the prime factors of 30309?
3, 10103
What are the prime factors of 2760?
2, 3, 5, 23
List the prime factors of 1876.
2, 7, 67
List the prime factors of 5116.
2, 1279
List the prime factors of 3983.
7, 569
List the prime factors of 984.
2, 3, 41
What are the prime factors of 1551?
3, 11, 47
List the prime factors of 4700.
2, 5, 47
List the prime factors of 8879.
13, 683
List the prime factors of 761.
761
What are the prime factors of 1969?
11, 179
List the prime fac